941 prime?
False
Is 66856695701 composite?
False
Is 14210077339 a prime number?
True
Is 255108937 composite?
False
Is 7172771953 composite?
False
Is 26126913803 prime?
True
Is 119977577 composite?
False
Is 14205813371 composite?
False
Is 1453377613 a composite number?
True
Is 13480012307 a prime number?
False
Is 52535687 a prime number?
True
Is 2128759307 a prime number?
False
Is 2507198227 composite?
True
Is 25168564997 composite?
True
Is 454053247 a prime number?
True
Is 42079639451 a composite number?
False
Is 4425329 prime?
True
Is 16200796037 a composite number?
False
Is 372634261 a composite number?
False
Is 37933470173 a composite number?
False
Is 2827298563 composite?
False
Is 17437200851 a prime number?
False
Is 231842483 a prime number?
True
Is 519559 prime?
False
Is 59628190381 a composite number?
True
Is 6952460143 a composite number?
False
Is 66305677 prime?
True
Is 1816055803 composite?
False
Is 405653669 prime?
False
Is 158235809 composite?
True
Is 19525122821 a prime number?
True
Is 4648043965 prime?
False
Is 959152241 prime?
False
Is 9339408341 a composite number?
False
Is 346925897 composite?
True
Is 159728329 composite?
False
Is 688059139 a prime number?
False
Is 28051354 a prime number?
False
Is 26791815899 composite?
False
Is 75936530078 composite?
True
Is 36122429587 a composite number?
False
Is 707750281 a composite number?
True
Is 59997653 a prime number?
True
Is 4092569311 a prime number?
False
Is 24784397471 composite?
True
Is 35670255601 a composite number?
False
Is 4602648913 a prime number?
True
Is 1974770107 composite?
False
Is 1393919299 composite?
False
Is 154489091 composite?
True
Is 665804917 a prime number?
True
Is 119157677 a prime number?
True
Is 25583378783 a composite number?
False
Is 888274631 a prime number?
False
Is 1333491089 prime?
False
Is 19754380151 composite?
True
Is 202073029373 a prime number?
False
Is 956843029 a composite number?
True
Is 369747295 composite?
True
Is 21774196597 a composite number?
True
Is 2869087451 a prime number?
False
Is 6831726581 composite?
True
Is 411790003 prime?
False
Is 113992255301 prime?
False
Is 226570411 prime?
True
Is 6522262787 composite?
False
Is 7837283239 prime?
False
Is 80142966229 a prime number?
False
Is 3705018617 a prime number?
True
Is 194775277 prime?
True
Is 4744056407 a composite number?
False
Is 2125562149 a prime number?
True
Is 327181537 composite?
False
Is 660121937 prime?
False
Is 137048701 a composite number?
True
Is 8772901213 composite?
False
Is 72765899 a composite number?
True
Is 3287142959 a composite number?
False
Is 428613869 a prime number?
True
Is 155516281 composite?
True
Is 3809334761 composite?
False
Is 151696379 a prime number?
True
Is 66709110389 composite?
True
Is 7072034929 a prime number?
False
Is 46261170971 prime?
False
Is 194155057 a prime number?
False
Is 8249477317 a composite number?
True
Is 356008349 a prime number?
True
Is 533365737 a composite number?
True
Is 673218877 a composite number?
True
Is 96275591 prime?
False
Is 72691490549 a prime number?
True
Is 557746777 prime?
False
Is 13841840729 prime?
False
Is 793012817 a prime number?
True
Is 2043767041 prime?
False
Is 10409698483 a prime number?
False
Is 106704599 a composite number?
True
Is 4884912509 a composite number?
False
Is 12522296107 a composite number?
True
Is 40873926147 a composite number?
True
Is 11357178139 a prime number?
True
Is 1771831601 composite?
False
Is 24182830459 a composite number?
False
Is 296448137 a composite number?
False
Is 169425253 a prime number?
True
Is 984226151 a composite number?
True
Is 16744063333 prime?
True
Is 81063333683 composite?
True
Is 1331698007 a prime number?
False
Is 129776506877 a prime number?
True
Is 29368306147 prime?
True
Is 9009406117 prime?
True
Is 472391803 composite?
True
Is 58562781617 a composite number?
True
Is 13014521987 a composite number?
False
Is 7164788999 prime?
True
Is 10075793897 a composite number?
True
Is 7757982839 a prime number?
True
Is 2044369427 composite?
True
Is 38560801049 a composite number?
True
Is 46460222537 a prime number?
False
Is 231151205 a composite number?
True
Is 46579823 composite?
False
Is 536204401 prime?
False
Is 36660492133 a prime number?
True
Is 10030872641 a composite number?
True
Is 143634137 a composite number?
False
Is 695796589 prime?
True
Is 1032826253 a composite number?
False
Is 255093049 a composite number?
True
Is 5799053717 a composite number?
False
Is 4286686519 composite?
True
Is 14850413953 composite?
True
Is 1695976313 composite?
True
Is 1638471431 a prime number?
False
Is 100565534297 prime?
True
Is 47394413579 composite?
False
Is 6006875677 a composite number?
True
Is 347504024711 composite?
False
Is 7262585809 a prime number?
False
Is 98976093823 a composite number?
True
Is 10131374129 a composite number?
False
Is 563501711 a prime number?
True
Is 55690673 prime?
True
Is 9674489647 a composite number?
False
Is 24054008851 a prime number?
False
Is 14335415747 prime?
True
Is 4106830073 a composite number?
False
Is 1091328083 a composite number?
False
Is 598775561 prime?
True
Is 4962311579 prime?
True
Is 2633760257 a composite number?
False
Is 84362659 a prime number?
False
Is 802844113 a composite number?
False
Is 24774086873 prime?
True
Is 3444370009 composite?
False
Is 25085873249 a prime number?
True
Is 624894223 a composite number?
False
Is 1094788399 a prime number?
False
Is 236926519 prime?
False
Is 1280750257 a composite number?
True
Is 616697869 composite?
False
Is 75001355333 prime?
True
Is 2976332621 composite?
False
Is 144438871 prime?
False
Is 18925835911 prime?
False
Is 3496698439 composite?
True
Is 186011587 prime?
True
Is 13454275529 a composite number?
True
Is 15176565361 prime?
True
Is 1222694857 prime?
True
Is 848010287 prime?
False
Is 14566337377 prime?
True
Is 3387377321 composite?
False
Is 18560581 composite?
True
Is 15436342607 a prime number?
False
Is 2170012903 prime?
False
Is 3344074483 a prime number?
False
Is 12131988059 a composite number?
False
Is 142222770367 a composite number?
True
Is 529444361 composite?
True
Is 13105094063 prime?
True
Is 2429214791 a prime number?
True
Is 22116155843 prime?
True
Is 2424762343 composite?
True
Is 527657843 composite?
False
Is 57003898031 a prime number?
True
Is 1758170191 composite?
False
Is 98202813 a prime number?
False
Is 64380422 a composite number?
True
Is 9793486481 a prime number?
True
Is 1865330459 composite?
False
Is 13709217427 a prime number?
False
Is 18669245047 composite?
False
Is 107409671 a prime number?
True
Is 6700419613 composite?
False
Is 8976083903 prime?
True
Is 15137887871 a prime number?
False
Is 6158591 prime?
False
Is 4088584243 composite?
False
Is 4172356351 prime?
False
Is 29523393047 prime?
True
Is 30921406099 a prime number?
False
Is 22898199689 a composite number?
False
Is 1490379367 prime?
False
Is 80009591317 prime?
True
Is 215296756735 composite?
True
Is 29936051633 composite?
True
Is 124878925757 a composite number?
True
Is 39717165385 prime?
False
Is 113384248853 prime?
True
Is 71513678 a composite number?
True
Is 293858833 a composite number?
True
Is 3431638235 prime?
False
Is 17643642683 a prime number?
False
Is 52012684369 composite?
False
Is 14924049103 prime?
False
Is 834139571 a composite number?
False
Is 24089233387 a composite number?
True
Is 513541529 a prime number?
True
Is 2419631789 prime?
False
Is 411512117 a composite number?
True
Is 4464399229 a prime number?
False
Is 44948749 prime?
True
Is 159583257893 a prime number?
True
Is 2193790855 prime?
False
Is 5291211509 prime?
False
Is 7280652283 a composite number?
True
Is 52910903 a prime number?
False
Is 352695641 a composite number?
False
Is 1283208887 a prime number?
True
Is 6689868221 a composite number?
False
Is 42900514667 composite?
True
Is 10058818391 composite?
True
Is 3442060841 prime?
True
Is 287857533371 composite?
False
Is 3944856371 composite?
True
Is 59316100621 a composite number?
True
Is 9911103859 prime?
False
Is 410736314 prime?
False
Is 60096756029 a composite number?
True
Is 1014789731 a composite number?
False
Is 25011564437 a prime number?
False
Is 4119824473 a composite number?
True
Is 590072969 a prime number?
True
Is 187086499 prime?
False
Is 76573077547 prime?
T